{"id":889,"date":"2024-02-14T11:07:55","date_gmt":"2024-02-14T16:07:55","guid":{"rendered":"https:\/\/hotelleriecotenord.com\/hebergements\/?page_id=889"},"modified":"2024-04-25T15:17:31","modified_gmt":"2024-04-25T20:17:31","slug":"attraits-les-escoumins","status":"publish","type":"page","link":"https:\/\/hotelleriecotenord.com\/hebergements\/attraits-les-escoumins\/","title":{"rendered":"Attraits Les  Escoumins"},"content":{"rendered":"<p>[et_pb_section fb_built=\u00a0\u00bb1&Prime; fullwidth=\u00a0\u00bbon\u00a0\u00bb _builder_version=\u00a0\u00bb4.24.0&Prime; _module_preset=\u00a0\u00bbdefault\u00a0\u00bb global_colors_info=\u00a0\u00bb{}\u00a0\u00bb][et_pb_fullwidth_header text_orientation=\u00a0\u00bbcenter\u00a0\u00bb logo_image_url=\u00a0\u00bbhttps:\/\/hotelleriecotenord.com\/hebergements\/wp-content\/uploads\/2024\/04\/entete-lesescoumins-bleumarin.png\u00a0\u00bb _builder_version=\u00a0\u00bb4.25.0&Prime; _module_preset=\u00a0\u00bbdefault\u00a0\u00bb background_color=\u00a0\u00bb#00222D\u00a0\u00bb custom_margin=\u00a0\u00bb||4px|||\u00a0\u00bb custom_padding=\u00a0\u00bb15px||18px|||\u00a0\u00bb global_colors_info=\u00a0\u00bb{}\u00a0\u00bb][\/et_pb_fullwidth_header][\/et_pb_section][et_pb_section fb_built=\u00a0\u00bb1&Prime; _builder_version=\u00a0\u00bb4.24.3&Prime; _module_preset=\u00a0\u00bbdefault\u00a0\u00bb background_color=\u00a0\u00bbRGBA(255,255,255,0)\u00a0\u00bb global_colors_info=\u00a0\u00bb{}\u00a0\u00bb][et_pb_row column_structure=\u00a0\u00bb3_5,2_5&Prime; _builder_version=\u00a0\u00bb4.24.3&Prime; _module_preset=\u00a0\u00bbdefault\u00a0\u00bb module_alignment=\u00a0\u00bbcenter\u00a0\u00bb global_colors_info=\u00a0\u00bb{}\u00a0\u00bb][et_pb_column type=\u00a0\u00bb3_5&Prime; _builder_version=\u00a0\u00bb4.24.3&Prime; _module_preset=\u00a0\u00bbdefault\u00a0\u00bb global_colors_info=\u00a0\u00bb{}\u00a0\u00bb][et_pb_image src=\u00a0\u00bbhttps:\/\/hotelleriecotenord.com\/hebergements\/wp-content\/uploads\/2024\/02\/paysage-escoumins.jpg\u00a0\u00bb title_text=\u00a0\u00bbpaysage-escoumins\u00a0\u00bb force_fullwidth=\u00a0\u00bbon\u00a0\u00bb _builder_version=\u00a0\u00bb4.25.0&Prime; _module_preset=\u00a0\u00bbdefault\u00a0\u00bb global_colors_info=\u00a0\u00bb{}\u00a0\u00bb][\/et_pb_image][\/et_pb_column][et_pb_column type=\u00a0\u00bb2_5&Prime; _builder_version=\u00a0\u00bb4.24.3&Prime; _module_preset=\u00a0\u00bbdefault\u00a0\u00bb global_colors_info=\u00a0\u00bb{}\u00a0\u00bb][et_pb_text _builder_version=\u00a0\u00bb4.24.3&Prime; _module_preset=\u00a0\u00bbdefault\u00a0\u00bb text_font=\u00a0\u00bb|700|||||||\u00a0\u00bb text_text_color=\u00a0\u00bb#007096&Prime; header_2_font=\u00a0\u00bb|600|||||||\u00a0\u00bb header_3_font=\u00a0\u00bb|600|||||||\u00a0\u00bb header_3_text_color=\u00a0\u00bb#007096&Prime; module_alignment=\u00a0\u00bbleft\u00a0\u00bb custom_margin=\u00a0\u00bb||||false|false\u00a0\u00bb custom_padding=\u00a0\u00bb||||false|false\u00a0\u00bb global_colors_info=\u00a0\u00bb{}\u00a0\u00bb]<\/p>\n<h3><em>\u00c0 voir lors de votre s\u00e9jour<\/em><\/h3>\n<p>[\/et_pb_text][et_pb_text _builder_version=\u00a0\u00bb4.24.3&Prime; _module_preset=\u00a0\u00bbdefault\u00a0\u00bb text_font=\u00a0\u00bb|700|||||||\u00a0\u00bb text_text_color=\u00a0\u00bb#00222D\u00a0\u00bb text_font_size=\u00a0\u00bb28px\u00a0\u00bb custom_margin=\u00a0\u00bb-18px||16px||false|false\u00a0\u00bb custom_padding=\u00a0\u00bb||||false|false\u00a0\u00bb text_text_shadow_style=\u00a0\u00bbpreset2&Prime; global_colors_info=\u00a0\u00bb{}\u00a0\u00bb]<\/p>\n<p style=\"text-align: left;\">&#8212;&#8212;- ATTRAITS\u00a0 &#8212;&#8212;-<\/p>\n<p>[\/et_pb_text][et_pb_text _builder_version=\u00a0\u00bb4.25.0&Prime; _module_preset=\u00a0\u00bbdefault\u00a0\u00bb text_font=\u00a0\u00bb||||||||\u00a0\u00bb text_font_size=\u00a0\u00bb15px\u00a0\u00bb custom_padding=\u00a0\u00bb||||false|false\u00a0\u00bb hover_enabled=\u00a0\u00bb0&Prime; global_colors_info=\u00a0\u00bb{}\u00a0\u00bb sticky_enabled=\u00a0\u00bb0&Prime;]<\/p>\n<p style=\"text-align: left;\">Notre situation g\u00e9ographique vous permettra de profiter des nombreuses activit\u00e9s offertes aux Escoumins, \u00e9t\u00e9 comme hiver.<\/p>\n<p>[\/et_pb_text][\/et_pb_column][\/et_pb_row][et_pb_row column_structure=\u00a0\u00bb2_5,3_5&Prime; _builder_version=\u00a0\u00bb4.24.3&Prime; _module_preset=\u00a0\u00bbdefault\u00a0\u00bb global_colors_info=\u00a0\u00bb{}\u00a0\u00bb][et_pb_column type=\u00a0\u00bb2_5&Prime; _builder_version=\u00a0\u00bb4.24.3&Prime; _module_preset=\u00a0\u00bbdefault\u00a0\u00bb global_colors_info=\u00a0\u00bb{}\u00a0\u00bb][et_pb_text _builder_version=\u00a0\u00bb4.24.3&Prime; _module_preset=\u00a0\u00bbdefault\u00a0\u00bb text_font=\u00a0\u00bb|700|||||||\u00a0\u00bb text_text_color=\u00a0\u00bb#007096&Prime; header_2_font=\u00a0\u00bb|600|||||||\u00a0\u00bb header_3_font=\u00a0\u00bb|600|||||||\u00a0\u00bb header_3_text_color=\u00a0\u00bb#007096&Prime; module_alignment=\u00a0\u00bbleft\u00a0\u00bb custom_margin=\u00a0\u00bb||||false|false\u00a0\u00bb custom_padding=\u00a0\u00bb||||false|false\u00a0\u00bb global_colors_info=\u00a0\u00bb{}\u00a0\u00bb]<\/p>\n<h3><em>Une r\u00e9gion \u00e0 visiter<\/em><\/h3>\n<p>[\/et_pb_text][et_pb_text _builder_version=\u00a0\u00bb4.25.0&Prime; _module_preset=\u00a0\u00bbdefault\u00a0\u00bb text_font=\u00a0\u00bb|700|||||||\u00a0\u00bb text_text_color=\u00a0\u00bb#00222D\u00a0\u00bb text_font_size=\u00a0\u00bb28px\u00a0\u00bb custom_margin=\u00a0\u00bb-18px||16px||false|false\u00a0\u00bb custom_padding=\u00a0\u00bb||||false|false\u00a0\u00bb text_text_shadow_style=\u00a0\u00bbpreset2&Prime; global_colors_info=\u00a0\u00bb{}\u00a0\u00bb]<\/p>\n<p style=\"text-align: left;\">&#8212;&#8211; Les Escoumins\u00a0 &#8212;&#8211;<\/p>\n<p>[\/et_pb_text][et_pb_text _builder_version=\u00a0\u00bb4.25.0&Prime; _module_preset=\u00a0\u00bbdefault\u00a0\u00bb text_font=\u00a0\u00bb||||||||\u00a0\u00bb text_font_size=\u00a0\u00bb15px\u00a0\u00bb custom_padding=\u00a0\u00bb||||false|false\u00a0\u00bb global_colors_info=\u00a0\u00bb{}\u00a0\u00bb]<\/p>\n<ul>\n<li>Sentiers p\u00e9destres<\/li>\n<li>Route de motoneige TQ3 (forfaits motoneiges disponibles en saison)<\/li>\n<li>La V\u00e9loroute des baleines<\/li>\n<li>Chasse, p\u00eache<\/li>\n<li>Rivi\u00e8re \u00e0 saumon<\/li>\n<li>Sentier de VTT<\/li>\n<li>Croisi\u00e8res aux baleines (r\u00e9servation disponible directement avec nous)<\/li>\n<li>Centre d\u00e9couverte du milieu marin<\/li>\n<li>Plong\u00e9e sous-marine (salle de s\u00e9chage disponible pour nos clients)<\/li>\n<\/ul>\n<p>[\/et_pb_text][\/et_pb_column][et_pb_column type=\u00a0\u00bb3_5&Prime; _builder_version=\u00a0\u00bb4.24.3&Prime; _module_preset=\u00a0\u00bbdefault\u00a0\u00bb global_colors_info=\u00a0\u00bb{}\u00a0\u00bb][et_pb_image src=\u00a0\u00bbhttps:\/\/hotelleriecotenord.com\/hebergements\/wp-content\/uploads\/2024\/02\/moto-neiges.jpg\u00a0\u00bb alt=\u00a0\u00bbComplexe H\u00f4telier Escoumins\u00a0\u00bb title_text=\u00a0\u00bbmoto-neiges\u00a0\u00bb _builder_version=\u00a0\u00bb4.25.0&Prime; _module_preset=\u00a0\u00bbdefault\u00a0\u00bb global_colors_info=\u00a0\u00bb{}\u00a0\u00bb][\/et_pb_image][\/et_pb_column][\/et_pb_row][et_pb_row _builder_version=\u00a0\u00bb4.24.3&Prime; _module_preset=\u00a0\u00bbdefault\u00a0\u00bb global_colors_info=\u00a0\u00bb{}\u00a0\u00bb][et_pb_column type=\u00a0\u00bb4_4&Prime; _builder_version=\u00a0\u00bb4.24.3&Prime; _module_preset=\u00a0\u00bbdefault\u00a0\u00bb global_colors_info=\u00a0\u00bb{}\u00a0\u00bb][lwp_image_carousel gallery_ids=\u00a0\u00bb902,903,904,905,906,909,913,914,916&Prime; slides_show=\u00a0\u00bb4&Prime; autoplay_animation=\u00a0\u00bbon\u00a0\u00bb arrow_color=\u00a0\u00bbRGBA(255,255,255,0)\u00a0\u00bb _builder_version=\u00a0\u00bb4.25.0&Prime; _module_preset=\u00a0\u00bbdefault\u00a0\u00bb background_color=\u00a0\u00bbRGBA(255,255,255,0)\u00a0\u00bb box_shadow_style_image=\u00a0\u00bbpreset1&Prime; global_colors_info=\u00a0\u00bb{}\u00a0\u00bb][\/lwp_image_carousel][\/et_pb_column][\/et_pb_row][\/et_pb_section]<\/p>\n","protected":false},"excerpt":{"rendered":"<p>\u00c0 voir lors de votre s\u00e9jour&#8212;&#8212;- ATTRAITS\u00a0 &#8212;&#8212;-Notre situation g\u00e9ographique vous permettra de profiter des nombreuses activit\u00e9s offertes aux Escoumins, \u00e9t\u00e9 comme hiver.Une r\u00e9gion \u00e0 visiter&#8212;&#8211; Les Escoumins\u00a0 &#8212;&#8211; Sentiers p\u00e9destres Route de motoneige TQ3 (forfaits motoneiges disponibles en saison) La V\u00e9loroute des baleines Chasse, p\u00eache Rivi\u00e8re \u00e0 saumon Sentier de VTT Croisi\u00e8res aux baleines (r\u00e9servation disponible directement avec nous) Centre d\u00e9couverte du milieu marin Plong\u00e9e sous-marine (salle de s\u00e9chage disponible pour nos clients) <div class=\"et_pb_module lwp_image_carousel lwp_image_carousel_0\">\n\t\t\t\t\n\t\t\t\t\n\t\t\t\t\n\t\t\t\t\n\t\t\t\t\n\t\t\t\t\n\t\t\t\t<div class=\"et_pb_module_inner\">\n\t\t\t\t\t\r\n\t\t\t<section class=\"lwp-slick-slider slider small-slider lwp-default-slider lwp-side-center\" data-slick='{ \"vertical\":false, \"slidesToShow\": 4, \"slidesToScroll\": 1, \"dots\":true, \"arrows\":true, \"infinite\":false, \"autoplay\":true, \"autoplaySpeed\":2000, \"pauseOnHover\":true, \"adaptiveHeight\":true, \"speed\":300, \"cssEase\":\"ease\", \"responsive\": [ { \"breakpoint\": 980, \"settings\": { \"slidesToShow\": 4, \"slidesToScroll\": 1, \"arrows\":true,\"dots\":true } } ,{ \"breakpoint\": 767, \"settings\": { \"slidesToShow\": 1, \"slidesToScroll\": 1, \"arrows\":true,\"dots\":true } } ] }'>\r\n\t\t\t\t<div><img decoding=\"async\" src=\"https:\/\/hotelleriecotenord.com\/hebergements\/wp-content\/uploads\/2024\/04\/plonge.jpg\" alt=\"Plong\u00e9e sous-marine\" title=\"plonge\"><\/div><div><img decoding=\"async\" src=\"https:\/\/hotelleriecotenord.com\/hebergements\/wp-content\/uploads\/2024\/04\/centre_decouverte.jpg\" alt=\"Centre de d\u00e9couverte du milieu marin\" title=\"centre_decouverte\"><\/div><div><img decoding=\"async\" src=\"https:\/\/hotelleriecotenord.com\/hebergements\/wp-content\/uploads\/2024\/04\/saumon.jpg\" alt=\"P\u00eache au saumon\" title=\"saumon\"><\/div><div><img decoding=\"async\" src=\"https:\/\/hotelleriecotenord.com\/hebergements\/wp-content\/uploads\/2024\/04\/ski.jpg\" alt=\"Ski de fond\" title=\"ski\"><\/div><div><img decoding=\"async\" src=\"https:\/\/hotelleriecotenord.com\/hebergements\/wp-content\/uploads\/2024\/04\/kayak.jpg\" alt=\"Kayak de mer\" title=\"kayak\"><\/div><div><img decoding=\"async\" src=\"https:\/\/hotelleriecotenord.com\/hebergements\/wp-content\/uploads\/2024\/04\/activite_quad.jpg\" alt=\"Quad\" title=\"activite_quad\"><\/div><div><img decoding=\"async\" src=\"https:\/\/hotelleriecotenord.com\/hebergements\/wp-content\/uploads\/2024\/04\/croisiere-baleine.jpg\" alt=\"Croisi\u00e8re aux baleines\" title=\"croisiere-baleine\"><\/div><div><img decoding=\"async\" src=\"https:\/\/hotelleriecotenord.com\/hebergements\/wp-content\/uploads\/2024\/04\/observation_mammiferes.jpg\" alt=\"observation mammif\u00e8res marins\" title=\"observation_mammiferes\"><\/div><div><img decoding=\"async\" src=\"https:\/\/hotelleriecotenord.com\/hebergements\/wp-content\/uploads\/2024\/04\/activite_velo.jpg\" alt=\"Velo\" title=\"activite_velo\"><\/div>\r\n\t\t\t<\/section>\n\t\t\t\t<\/div>\n\t\t\t<\/div><\/p>\n","protected":false},"author":1,"featured_media":0,"parent":0,"menu_order":0,"comment_status":"closed","ping_status":"closed","template":"","meta":{"_et_pb_use_builder":"on","_et_pb_old_content":"","_et_gb_content_width":"","footnotes":""},"class_list":["post-889","page","type-page","status-publish","hentry"],"_links":{"self":[{"href":"https:\/\/hotelleriecotenord.com\/hebergements\/wp-json\/wp\/v2\/pages\/889","targetHints":{"allow":["GET"]}}],"collection":[{"href":"https:\/\/hotelleriecotenord.com\/hebergements\/wp-json\/wp\/v2\/pages"}],"about":[{"href":"https:\/\/hotelleriecotenord.com\/hebergements\/wp-json\/wp\/v2\/types\/page"}],"author":[{"embeddable":true,"href":"https:\/\/hotelleriecotenord.com\/hebergements\/wp-json\/wp\/v2\/users\/1"}],"replies":[{"embeddable":true,"href":"https:\/\/hotelleriecotenord.com\/hebergements\/wp-json\/wp\/v2\/comments?post=889"}],"version-history":[{"count":13,"href":"https:\/\/hotelleriecotenord.com\/hebergements\/wp-json\/wp\/v2\/pages\/889\/revisions"}],"predecessor-version":[{"id":942,"href":"https:\/\/hotelleriecotenord.com\/hebergements\/wp-json\/wp\/v2\/pages\/889\/revisions\/942"}],"wp:attachment":[{"href":"https:\/\/hotelleriecotenord.com\/hebergements\/wp-json\/wp\/v2\/media?parent=889"}],"curies":[{"name":"wp","href":"https:\/\/api.w.org\/{rel}","templated":true}]}}