{"id":24,"date":"2024-01-31T20:34:56","date_gmt":"2024-01-31T20:34:56","guid":{"rendered":"https:\/\/hotelleriecotenord.com\/hebergements\/?page_id=24"},"modified":"2025-04-23T15:42:06","modified_gmt":"2025-04-23T20:42:06","slug":"accueil","status":"publish","type":"page","link":"https:\/\/hotelleriecotenord.com\/hebergements\/","title":{"rendered":"Accueil"},"content":{"rendered":"<p>[et_pb_section fb_built=\u00a0\u00bb1&Prime; admin_label=\u00a0\u00bbSection\u00a0\u00bb _builder_version=\u00a0\u00bb4.24.0&Prime; _module_preset=\u00a0\u00bbdefault\u00a0\u00bb background_color=\u00a0\u00bb#00222D\u00a0\u00bb min_height=\u00a0\u00bb794px\u00a0\u00bb custom_padding=\u00a0\u00bb|7px|78px|||\u00a0\u00bb global_colors_info=\u00a0\u00bb{}\u00a0\u00bb][et_pb_row _builder_version=\u00a0\u00bb4.24.0&Prime; _module_preset=\u00a0\u00bbdefault\u00a0\u00bb global_colors_info=\u00a0\u00bb{}\u00a0\u00bb][et_pb_column type=\u00a0\u00bb4_4&Prime; _builder_version=\u00a0\u00bb4.24.0&Prime; _module_preset=\u00a0\u00bbdefault\u00a0\u00bb global_colors_info=\u00a0\u00bb{}\u00a0\u00bb][et_pb_image src=\u00a0\u00bbhttps:\/\/hotelleriecotenord.com\/hebergements\/wp-content\/uploads\/2025\/04\/color2025-white_logo_dark_background-scaled.webp\u00a0\u00bb alt=\u00a0\u00bblogo H\u00f4tellerie C\u00f4te-Nord\u00a0\u00bb title_text=\u00a0\u00bblogo H\u00f4tellerie C\u00f4te-Nord\u00a0\u00bb _builder_version=\u00a0\u00bb4.27.4&Prime; _module_preset=\u00a0\u00bbdefault\u00a0\u00bb background_image=\u00a0\u00bbhttps:\/\/hotelleriecotenord.com\/hebergements\/wp-content\/uploads\/2024\/02\/color2-white_logo_dark_background.png\u00a0\u00bb background_last_edited=\u00a0\u00bbon|desktop\u00a0\u00bb global_colors_info=\u00a0\u00bb{}\u00a0\u00bb][\/et_pb_image][\/et_pb_column][\/et_pb_row][et_pb_row column_structure=\u00a0\u00bb1_3,1_3,1_3&Prime; _builder_version=\u00a0\u00bb4.24.0&Prime; _module_preset=\u00a0\u00bbdefault\u00a0\u00bb background_color=\u00a0\u00bb#007096&Prime; custom_padding=\u00a0\u00bb|25px|16px|25px|false|false\u00a0\u00bb border_radii=\u00a0\u00bbon|20px|20px|20px|20px\u00a0\u00bb border_width_all=\u00a0\u00bb2px\u00a0\u00bb border_color_all=\u00a0\u00bb#007096&Prime; box_shadow_style=\u00a0\u00bbpreset1&Prime; global_colors_info=\u00a0\u00bb{}\u00a0\u00bb][et_pb_column type=\u00a0\u00bb1_3&Prime; _builder_version=\u00a0\u00bb4.24.0&Prime; _module_preset=\u00a0\u00bbdefault\u00a0\u00bb global_colors_info=\u00a0\u00bb{}\u00a0\u00bb][et_pb_image src=\u00a0\u00bbhttps:\/\/hotelleriecotenord.com\/hebergements\/wp-content\/uploads\/2024\/02\/Les-Escoumins-accueil.jpg\u00a0\u00bb alt=\u00a0\u00bbComplexe H\u00f4telier Escoumins\u00a0\u00bb title_text=\u00a0\u00bbLes-Escoumins-accueil\u00a0\u00bb url=\u00a0\u00bb@ET-DC@eyJkeW5hbWljIjp0cnVlLCJjb250ZW50IjoicG9zdF9saW5rX3VybF9wYWdlIiwic2V0dGluZ3MiOnsicG9zdF9pZCI6IjE2NSJ9fQ==@\u00a0\u00bb _builder_version=\u00a0\u00bb4.27.4&Prime; _dynamic_attributes=\u00a0\u00bburl\u00a0\u00bb _module_preset=\u00a0\u00bbdefault\u00a0\u00bb box_shadow_style=\u00a0\u00bbpreset1&Prime; global_colors_info=\u00a0\u00bb{}\u00a0\u00bb][\/et_pb_image][et_pb_text _builder_version=\u00a0\u00bb4.27.4&Prime; _module_preset=\u00a0\u00bbdefault\u00a0\u00bb text_font=\u00a0\u00bb|600|||||||\u00a0\u00bb text_text_color=\u00a0\u00bb#FFFFFF\u00a0\u00bb header_3_text_color=\u00a0\u00bb#FFFFFF\u00a0\u00bb custom_margin=\u00a0\u00bb||12px|||\u00a0\u00bb global_colors_info=\u00a0\u00bb{}\u00a0\u00bb]<\/p>\n<h3 style=\"text-align: center;\">T\u00e9l: <a href=\"tel:4182332401\">418 233-2401<\/a><\/h3>\n<h3 style=\"text-align: center;\"><a href=\"tel:1888baleine\">1-888-baleine<\/a><\/h3>\n<p>[\/et_pb_text][et_pb_button button_url=\u00a0\u00bbhttps:\/\/app.mews.com\/distributor\/865dce74-6b44-4b34-9a9e-b1570086cb7e\u00a0\u00bb button_text=\u00a0\u00bbR\u00c9SERVEZ aux Escoumins\u00a0\u00bb button_alignment=\u00a0\u00bbcenter\u00a0\u00bb _builder_version=\u00a0\u00bb4.25.0&Prime; _module_preset=\u00a0\u00bbdefault\u00a0\u00bb custom_button=\u00a0\u00bbon\u00a0\u00bb button_text_color=\u00a0\u00bb#FFFFFF\u00a0\u00bb button_bg_color=\u00a0\u00bb#00222D\u00a0\u00bb button_border_width=\u00a0\u00bb5px\u00a0\u00bb button_border_radius=\u00a0\u00bb9px\u00a0\u00bb button_icon=\u00a0\u00bb&#xf487;||fa||900&Prime; global_colors_info=\u00a0\u00bb{}\u00a0\u00bb][\/et_pb_button][\/et_pb_column][et_pb_column type=\u00a0\u00bb1_3&Prime; _builder_version=\u00a0\u00bb4.24.0&Prime; _module_preset=\u00a0\u00bbdefault\u00a0\u00bb global_colors_info=\u00a0\u00bb{}\u00a0\u00bb][et_pb_image src=\u00a0\u00bbhttps:\/\/hotelleriecotenord.com\/hebergements\/wp-content\/uploads\/2024\/02\/Motel4Saisons-accueil.jpg\u00a0\u00bb alt=\u00a0\u00bbMotel 4 Saisons, Forestville\u00a0\u00bb title_text=\u00a0\u00bbMotel4Saisons-accueil\u00a0\u00bb url=\u00a0\u00bb@ET-DC@eyJkeW5hbWljIjp0cnVlLCJjb250ZW50IjoicG9zdF9saW5rX3VybF9wYWdlIiwic2V0dGluZ3MiOnsicG9zdF9pZCI6Ijg1MCJ9fQ==@\u00a0\u00bb _builder_version=\u00a0\u00bb4.27.4&Prime; _dynamic_attributes=\u00a0\u00bburl\u00a0\u00bb _module_preset=\u00a0\u00bbdefault\u00a0\u00bb box_shadow_style=\u00a0\u00bbpreset1&Prime; global_colors_info=\u00a0\u00bb{}\u00a0\u00bb][\/et_pb_image][et_pb_text _builder_version=\u00a0\u00bb4.27.4&Prime; _module_preset=\u00a0\u00bbdefault\u00a0\u00bb text_font=\u00a0\u00bb|600|||||||\u00a0\u00bb text_text_color=\u00a0\u00bb#FFFFFF\u00a0\u00bb header_3_text_color=\u00a0\u00bb#FFFFFF\u00a0\u00bb custom_margin=\u00a0\u00bb||34px|||\u00a0\u00bb global_colors_info=\u00a0\u00bb{}\u00a0\u00bb]<\/p>\n<h3 style=\"text-align: center;\">T\u00e9l: <a href=\"tel:4185876666\">418 587-6666<\/a><\/h3>\n<h3 style=\"text-align: center;\"><\/h3>\n<p>[\/et_pb_text][et_pb_button button_url=\u00a0\u00bbhttps:\/\/app.mews.com\/distributor\/1fc8687d-3b09-4098-9b90-b155006800c3&Prime; button_text=\u00a0\u00bbR\u00c9SERVEZ  \u00e0 Forestville\u00a0\u00bb button_alignment=\u00a0\u00bbcenter\u00a0\u00bb _builder_version=\u00a0\u00bb4.25.0&Prime; _module_preset=\u00a0\u00bbdefault\u00a0\u00bb custom_button=\u00a0\u00bbon\u00a0\u00bb button_text_color=\u00a0\u00bb#FFFFFF\u00a0\u00bb button_bg_color=\u00a0\u00bb#00222D\u00a0\u00bb button_border_width=\u00a0\u00bb5px\u00a0\u00bb button_border_radius=\u00a0\u00bb9px\u00a0\u00bb button_icon=\u00a0\u00bb&#xf487;||fa||900&Prime; global_colors_info=\u00a0\u00bb{}\u00a0\u00bb][\/et_pb_button][\/et_pb_column][et_pb_column type=\u00a0\u00bb1_3&Prime; _builder_version=\u00a0\u00bb4.27.4&Prime; _module_preset=\u00a0\u00bbdefault\u00a0\u00bb global_colors_info=\u00a0\u00bb{}\u00a0\u00bb][et_pb_image src=\u00a0\u00bbhttps:\/\/hotelleriecotenord.com\/hebergements\/wp-content\/uploads\/2025\/04\/motel-la-croisiere-accueil.jpg\u00a0\u00bb alt=\u00a0\u00bbMotel 4 Saisons, Forestville\u00a0\u00bb title_text=\u00a0\u00bbmotel-la-croisiere-accueil\u00a0\u00bb url=\u00a0\u00bb@ET-DC@eyJkeW5hbWljIjp0cnVlLCJjb250ZW50IjoicG9zdF9saW5rX3VybF9wYWdlIiwic2V0dGluZ3MiOnsicG9zdF9pZCI6IjEwNTIifX0=@\u00a0\u00bb _builder_version=\u00a0\u00bb4.27.4&Prime; _dynamic_attributes=\u00a0\u00bburl\u00a0\u00bb _module_preset=\u00a0\u00bbdefault\u00a0\u00bb box_shadow_style=\u00a0\u00bbpreset1&Prime; global_colors_info=\u00a0\u00bb{}\u00a0\u00bb][\/et_pb_image][et_pb_text _builder_version=\u00a0\u00bb4.27.4&Prime; _module_preset=\u00a0\u00bbdefault\u00a0\u00bb text_font=\u00a0\u00bb|600|||||||\u00a0\u00bb text_text_color=\u00a0\u00bb#FFFFFF\u00a0\u00bb header_3_text_color=\u00a0\u00bb#FFFFFF\u00a0\u00bb custom_margin=\u00a0\u00bb||34px|||\u00a0\u00bb global_colors_info=\u00a0\u00bb{}\u00a0\u00bb]<\/p>\n<h3 style=\"text-align: center;\">T\u00e9l: <a href=\"tel:4182326247\">418 232-6247<\/a><\/h3>\n<h3 style=\"text-align: center;\"><\/h3>\n<p>[\/et_pb_text][et_pb_button button_url=\u00a0\u00bbhttps:\/\/app.mews.com\/distributor\/911b8151-194a-453c-bc21-b2c200e2cc74&Prime; button_text=\u00a0\u00bbR\u00c9SERVEZ  \u00e0 Bergeronnes\u00a0\u00bb button_alignment=\u00a0\u00bbcenter\u00a0\u00bb _builder_version=\u00a0\u00bb4.27.4&Prime; _module_preset=\u00a0\u00bbdefault\u00a0\u00bb custom_button=\u00a0\u00bbon\u00a0\u00bb button_text_color=\u00a0\u00bb#FFFFFF\u00a0\u00bb button_bg_color=\u00a0\u00bb#00222D\u00a0\u00bb button_border_width=\u00a0\u00bb5px\u00a0\u00bb button_border_radius=\u00a0\u00bb9px\u00a0\u00bb button_icon=\u00a0\u00bb&#xf487;||fa||900&Prime; hover_enabled=\u00a0\u00bb0&Prime; global_colors_info=\u00a0\u00bb{}\u00a0\u00bb sticky_enabled=\u00a0\u00bb0&Prime;][\/et_pb_button][et_pb_button button_alignment=\u00a0\u00bbcenter\u00a0\u00bb _builder_version=\u00a0\u00bb4.27.4&Prime; _module_preset=\u00a0\u00bbdefault\u00a0\u00bb custom_button=\u00a0\u00bbon\u00a0\u00bb button_text_color=\u00a0\u00bb#FFFFFF\u00a0\u00bb button_bg_color=\u00a0\u00bb#00222D\u00a0\u00bb button_border_width=\u00a0\u00bb5px\u00a0\u00bb button_border_radius=\u00a0\u00bb9px\u00a0\u00bb button_icon=\u00a0\u00bb&#xf487;||fa||900&Prime; global_colors_info=\u00a0\u00bb{}\u00a0\u00bb][\/et_pb_button][\/et_pb_column][\/et_pb_row][\/et_pb_section][et_pb_section fb_built=\u00a0\u00bb1&Prime; specialty=\u00a0\u00bbon\u00a0\u00bb admin_label=\u00a0\u00bbSection\u00a0\u00bb module_id=\u00a0\u00bbhistoire\u00a0\u00bb _builder_version=\u00a0\u00bb4.24.0&Prime; _module_preset=\u00a0\u00bbdefault\u00a0\u00bb global_colors_info=\u00a0\u00bb{}\u00a0\u00bb][et_pb_column type=\u00a0\u00bb1_2&Prime; _builder_version=\u00a0\u00bb4.16&Prime; custom_padding=\u00a0\u00bb|||\u00a0\u00bb global_colors_info=\u00a0\u00bb{}\u00a0\u00bb custom_padding__hover=\u00a0\u00bb|||\u00a0\u00bb][et_pb_text _builder_version=\u00a0\u00bb4.24.3&Prime; _module_preset=\u00a0\u00bbdefault\u00a0\u00bb custom_margin=\u00a0\u00bb||16px|||\u00a0\u00bb global_colors_info=\u00a0\u00bb{}\u00a0\u00bb]<\/p>\n<h3><strong>\u00c0 propos<\/strong><\/h3>\n<p>[\/et_pb_text][et_pb_text _builder_version=\u00a0\u00bb4.24.3&Prime; _module_preset=\u00a0\u00bbdefault\u00a0\u00bb custom_margin=\u00a0\u00bb||-7px|||\u00a0\u00bb custom_padding=\u00a0\u00bb||17px|4px|false|false\u00a0\u00bb global_colors_info=\u00a0\u00bb{}\u00a0\u00bb]<\/p>\n<p>Nous sommes des passionn\u00e9s de l&rsquo;immobilier et du service \u00e0 la client\u00e8le, qui ont \u00e0 coeur de vous faire d\u00e9couvrir les attraits de notre r\u00e9gion !<\/p>\n<p>Acquis en 2012 \u00e0 Forestville, le Motel Quatre saisons est notre premier \u00e9tablissement h\u00f4telier. Notre h\u00f4tel est r\u00e9put\u00e9 pour sa propret\u00e9 irr\u00e9prochable et sa tranquillit\u00e9. Que vous soyez de passage dans la r\u00e9gion par plaisir ou par affaire, notre \u00e9tablissement de 25 chambres comblera vos attentes, avec un excellent rapport qualit\u00e9\/prix.<\/p>\n<p>En 2023, s\u2019est ajout\u00e9 \u00e0 notre offre le Complexe h\u00f4telier Escoumins (anciennement Complexe h\u00f4telier Pelchat). Cet \u00e9tablissement r\u00e9put\u00e9 dispose de 37 chambres et de multiples services pour agr\u00e9menter votre s\u00e9jour. C\u2019est un incontournable dans la r\u00e9gion, \u00e9t\u00e9 comme hiver!<\/p>\n<p>Nous offrons \u00e9galement en location moyen ou long terme plusieurs types de logements dans la r\u00e9gion, sous la banni\u00e8re <span style=\"color: #000000;\"><span style=\"text-decoration: underline;\"><a href=\"https:\/\/gestionlaprise.com\/immobilier\/\" style=\"color: #000000; text-decoration: underline;\">Gestion Laprise<\/a><\/span><\/span>.<\/p>\n<p>Notre entreprise familiale peut compter sur une \u00e9quipe dynamique et professionnelle. Elle vous aidera \u00e0 organiser votre h\u00e9bergement en Haute-C\u00f4te-Nord, que vous y soyez par plaisir ou par affaires.<\/p>\n<p>Les valeurs de notre entreprise :<\/p>\n<p>[\/et_pb_text][et_pb_text _builder_version=\u00a0\u00bb4.24.3&Prime; _module_preset=\u00a0\u00bbdefault\u00a0\u00bb custom_padding=\u00a0\u00bb|||21px|false|false\u00a0\u00bb global_colors_info=\u00a0\u00bb{}\u00a0\u00bb]<\/p>\n<ul>\n<li>Le service-client<\/li>\n<li>Le souci de la qualit\u00e9<\/li>\n<li>Le travail d&rsquo;\u00e9quipe<\/li>\n<\/ul>\n<p>[\/et_pb_text][et_pb_text _builder_version=\u00a0\u00bb4.24.3&Prime; _module_preset=\u00a0\u00bbdefault\u00a0\u00bb custom_margin=\u00a0\u00bb-29px|||||\u00a0\u00bb global_colors_info=\u00a0\u00bb{}\u00a0\u00bb]<\/p>\n<p>Bienvenue chez vous !<br \/><em>Julie Tremblay et St\u00e9phane Laprise. Propri\u00e9taires<\/em><\/p>\n<p>[\/et_pb_text][\/et_pb_column][et_pb_column type=\u00a0\u00bb1_2&Prime; specialty_columns=\u00a0\u00bb2&Prime; _builder_version=\u00a0\u00bb4.16&Prime; custom_padding=\u00a0\u00bb|||\u00a0\u00bb global_colors_info=\u00a0\u00bb{}\u00a0\u00bb custom_padding__hover=\u00a0\u00bb|||\u00a0\u00bb][et_pb_row_inner _builder_version=\u00a0\u00bb4.24.3&Prime; _module_preset=\u00a0\u00bbdefault\u00a0\u00bb custom_margin=\u00a0\u00bb|7px||7px|false|true\u00a0\u00bb global_colors_info=\u00a0\u00bb{}\u00a0\u00bb][et_pb_column_inner saved_specialty_column_type=\u00a0\u00bb1_2&Prime; _builder_version=\u00a0\u00bb4.24.0&Prime; _module_preset=\u00a0\u00bbdefault\u00a0\u00bb global_colors_info=\u00a0\u00bb{}\u00a0\u00bb][et_pb_image src=\u00a0\u00bbhttps:\/\/hotelleriecotenord.com\/hebergements\/wp-content\/uploads\/2024\/04\/Julie-famille.jpg\u00a0\u00bb alt=\u00a0\u00bbJulie Tremblay et Stephane Laprise Propri\u00e9taire H\u00f4tellerie C\u00f4te Nord\u00a0\u00bb title_text=\u00a0\u00bbJulie -St\u00e9phane Propri\u00e9taire\u00a0\u00bb _builder_version=\u00a0\u00bb4.24.3&Prime; _module_preset=\u00a0\u00bbdefault\u00a0\u00bb box_shadow_style=\u00a0\u00bbpreset1&Prime; global_colors_info=\u00a0\u00bb{}\u00a0\u00bb][\/et_pb_image][\/et_pb_column_inner][\/et_pb_row_inner][\/et_pb_column][\/et_pb_section][et_pb_section fb_built=\u00a0\u00bb1&Prime; _builder_version=\u00a0\u00bb4.24.1&Prime; _module_preset=\u00a0\u00bbdefault\u00a0\u00bb global_colors_info=\u00a0\u00bb{}\u00a0\u00bb][et_pb_row column_structure=\u00a0\u00bb1_2,1_2&Prime; _builder_version=\u00a0\u00bb4.24.1&Prime; _module_preset=\u00a0\u00bbdefault\u00a0\u00bb background_color=\u00a0\u00bb#007096&Prime; width=\u00a0\u00bb74.9%\u00a0\u00bb max_width=\u00a0\u00bb1656px\u00a0\u00bb custom_padding=\u00a0\u00bb||0px|||\u00a0\u00bb global_colors_info=\u00a0\u00bb{}\u00a0\u00bb][et_pb_column type=\u00a0\u00bb1_2&Prime; _builder_version=\u00a0\u00bb4.24.1&Prime; _module_preset=\u00a0\u00bbdefault\u00a0\u00bb global_colors_info=\u00a0\u00bb{}\u00a0\u00bb][et_pb_image src=\u00a0\u00bbhttps:\/\/hotelleriecotenord.com\/hebergements\/wp-content\/uploads\/2025\/04\/enfant-gratuit2.jpg\u00a0\u00bb alt=\u00a0\u00bbHotellerie C\u00f4te Nord enfant gratuit\u00a0\u00bb title_text=\u00a0\u00bbHotellerie C\u00f4te Nord enfant gratuit\u00a0\u00bb align=\u00a0\u00bbcenter\u00a0\u00bb _builder_version=\u00a0\u00bb4.27.4&Prime; _module_preset=\u00a0\u00bbdefault\u00a0\u00bb background_color=\u00a0\u00bb#007096&Prime; width=\u00a0\u00bb72%\u00a0\u00bb custom_padding=\u00a0\u00bb||26px||false|false\u00a0\u00bb global_colors_info=\u00a0\u00bb{}\u00a0\u00bb][\/et_pb_image][\/et_pb_column][et_pb_column type=\u00a0\u00bb1_2&Prime; _builder_version=\u00a0\u00bb4.24.1&Prime; _module_preset=\u00a0\u00bbdefault\u00a0\u00bb global_colors_info=\u00a0\u00bb{}\u00a0\u00bb][et_pb_image src=\u00a0\u00bbhttps:\/\/hotelleriecotenord.com\/hebergements\/wp-content\/uploads\/2025\/04\/animaux-francais.png\u00a0\u00bb alt=\u00a0\u00bbHotellerie c\u00f4te nord accepte les animaux\u00a0\u00bb title_text=\u00a0\u00bbHotellerie c\u00f4te nord accepte les animaux\u00a0\u00bb align=\u00a0\u00bbcenter\u00a0\u00bb _builder_version=\u00a0\u00bb4.27.4&Prime; _module_preset=\u00a0\u00bbdefault\u00a0\u00bb width=\u00a0\u00bb72%\u00a0\u00bb global_colors_info=\u00a0\u00bb{}\u00a0\u00bb][\/et_pb_image][et_pb_text _builder_version=\u00a0\u00bb4.24.3&Prime; _module_preset=\u00a0\u00bbdefault\u00a0\u00bb text_text_color=\u00a0\u00bb#FFFFFF\u00a0\u00bb width=\u00a0\u00bb100%\u00a0\u00bb max_width=\u00a0\u00bb100%\u00a0\u00bb module_alignment=\u00a0\u00bbleft\u00a0\u00bb custom_margin=\u00a0\u00bb-28px|||||\u00a0\u00bb custom_padding=\u00a0\u00bb|10px||10px|false|true\u00a0\u00bb global_colors_info=\u00a0\u00bb{}\u00a0\u00bb]<\/p>\n<ul>\n<li>\u00catre en cage ou tenus en laisse losrqu&rsquo;ils sont \u00e0 l&rsquo;ext\u00e9rieur<\/li>\n<li>Ne pas d\u00e9ranger les autres clients \/ \u00eatre bruyant<\/li>\n<li>Ne pas embarquer sur les fauteuils, lits et literie<\/li>\n<li>Ne jamais \u00eatre laiss\u00e9s seuls dans la chambre<\/li>\n<li>\u00catre tenu responsable de tous bris qui pourraient \u00eatre caus\u00e9s par votre animal de compagnie<\/li>\n<li>Le sp\u00e9cifier lors de votre r\u00e9servation, un l\u00e9ger suppl\u00e9ment 20$ par jour sera ajout\u00e9.<\/li>\n<\/ul>\n<p>[\/et_pb_text][\/et_pb_column][\/et_pb_row][\/et_pb_section]<\/p>\n","protected":false},"excerpt":{"rendered":"<p>T\u00e9l: 418 233-2401 1-888-baleineT\u00e9l: 418 587-6666 T\u00e9l: 418 232-6247 \u00c0 proposNous sommes des passionn\u00e9s de l&rsquo;immobilier et du service \u00e0 la client\u00e8le, qui ont \u00e0 coeur de vous faire d\u00e9couvrir les attraits de notre r\u00e9gion ! Acquis en 2012 \u00e0 Forestville, le Motel Quatre saisons est notre premier \u00e9tablissement h\u00f4telier. Notre h\u00f4tel est r\u00e9put\u00e9 pour sa propret\u00e9 irr\u00e9prochable et sa tranquillit\u00e9. Que vous soyez de passage dans la r\u00e9gion par plaisir ou par affaire, notre \u00e9tablissement de 25 chambres comblera vos attentes, avec un excellent rapport qualit\u00e9\/prix. En 2023, s\u2019est ajout\u00e9 \u00e0 notre offre le Complexe h\u00f4telier Escoumins (anciennement Complexe h\u00f4telier Pelchat). Cet \u00e9tablissement r\u00e9put\u00e9 dispose de 37 chambres et de multiples services pour agr\u00e9menter votre s\u00e9jour. C\u2019est un incontournable dans la r\u00e9gion, \u00e9t\u00e9 comme hiver! Nous offrons \u00e9galement en location moyen ou long terme plusieurs types de logements dans la r\u00e9gion, sous la banni\u00e8re Gestion Laprise. Notre entreprise familiale peut compter sur une \u00e9quipe dynamique et professionnelle. Elle vous aidera \u00e0 organiser votre h\u00e9bergement en Haute-C\u00f4te-Nord, que vous y soyez par plaisir ou par affaires. Les valeurs de notre entreprise : Le service-client Le souci de la qualit\u00e9 Le travail d&rsquo;\u00e9quipe Bienvenue chez vous !Julie Tremblay et St\u00e9phane Laprise. [&hellip;]<\/p>\n","protected":false},"author":1,"featured_media":0,"parent":0,"menu_order":0,"comment_status":"closed","ping_status":"closed","template":"","meta":{"_et_pb_use_builder":"on","_et_pb_old_content":"<!-- wp:divi\/placeholder \/-->","_et_gb_content_width":"","footnotes":""},"class_list":["post-24","page","type-page","status-publish","hentry"],"_links":{"self":[{"href":"https:\/\/hotelleriecotenord.com\/hebergements\/wp-json\/wp\/v2\/pages\/24","targetHints":{"allow":["GET"]}}],"collection":[{"href":"https:\/\/hotelleriecotenord.com\/hebergements\/wp-json\/wp\/v2\/pages"}],"about":[{"href":"https:\/\/hotelleriecotenord.com\/hebergements\/wp-json\/wp\/v2\/types\/page"}],"author":[{"embeddable":true,"href":"https:\/\/hotelleriecotenord.com\/hebergements\/wp-json\/wp\/v2\/users\/1"}],"replies":[{"embeddable":true,"href":"https:\/\/hotelleriecotenord.com\/hebergements\/wp-json\/wp\/v2\/comments?post=24"}],"version-history":[{"count":84,"href":"https:\/\/hotelleriecotenord.com\/hebergements\/wp-json\/wp\/v2\/pages\/24\/revisions"}],"predecessor-version":[{"id":1133,"href":"https:\/\/hotelleriecotenord.com\/hebergements\/wp-json\/wp\/v2\/pages\/24\/revisions\/1133"}],"wp:attachment":[{"href":"https:\/\/hotelleriecotenord.com\/hebergements\/wp-json\/wp\/v2\/media?parent=24"}],"curies":[{"name":"wp","href":"https:\/\/api.w.org\/{rel}","templated":true}]}}